is the highest common factor of 1611668 and 11591?
173
Calculate the greatest common divisor of 4741149 and 28.
7
Calculate the highest common factor of 1063 and 5537167.
1063
Calculate the greatest common divisor of 79366971 and 181488.
11343
What is the greatest common factor of 249171417 and 33?
33
Calculate the highest common factor of 137146 and 430520.
94
What is the greatest common divisor of 9405 and 14641020?
855
Calculate the highest common factor of 4074 and 7356.
6
What is the highest common divisor of 94 and 348834658?
94
Calculate the highest common divisor of 295148 and 512.
4
What is the greatest common divisor of 5962976 and 32?
32
What is the greatest common divisor of 804696 and 408?
24
What is the highest common divisor of 226896486 and 821?
821
What is the greatest common divisor of 5040 and 72080?
80
What is the greatest common divisor of 793 and 254805174?
793
Calculate the highest common factor of 4759513 and 16511.
869
Calculate the greatest common divisor of 71555 and 71005.
55
What is the highest common factor of 222005 and 20240513?
6343
Calculate the highest common divisor of 252 and 5253252.
12
Calculate the highest common factor of 108011808 and 513.
171
What is the highest common factor of 20 and 3039824?
4
Calculate the greatest common factor of 468391974 and 764.
382
What is the highest common factor of 32742 and 121329?
153
Calculate the highest common factor of 125184 and 3137424.
7824
What is the greatest common divisor of 3704772 and 648?
12
Calculate the highest common factor of 52530103 and 9148.
2287
What is the highest common factor of 16261 and 71069862?
2323
Calculate the highest common divisor of 20 and 25112110.
10
Calculate the greatest common factor of 9321228 and 54.
18
What is the greatest common divisor of 102 and 6223377?
51
Calculate the greatest common factor of 816 and 72689076.
204
Calculate the greatest common factor of 14793537 and 915.
183
What is the greatest common divisor of 51614 and 11391328?
394
Calculate the highest common factor of 70078 and 536002.
1894
Calculate the highest common factor of 45523791 and 1539.
171
Calculate the highest common factor of 462109266 and 51.
51
What is the highest common factor of 13884987 and 249?
249
What is the greatest common factor of 187764 and 38244?
12
What is the highest common divisor of 16057857 and 852?
213
Calculate the greatest common factor of 9246 and 2043090.
138
Calculate the greatest common divisor of 93 and 145467.
3
Calculate the highest common factor of 176 and 12285086.
22
What is the highest common factor of 116121779 and 46?
23
What is the greatest common factor of 69862 and 10244?
26
Calculate the highest common divisor of 22605 and 780.
15
What is the greatest common divisor of 234 and 35441394?
6
Calculate the highest common factor of 11630116 and 8.
4
What is the greatest common factor of 170 and 25478405?
5
Calculate the highest common divisor of 2211066 and 572.
286
Calculate the greatest common divisor of 20130 and 90315258.
4026
Calculate the highest common factor of 19817442 and 1908.
954
Calculate the highest common factor of 1116109 and 799.
47
Calculate the highest common divisor of 306087 and 50022.
1191
Calculate the greatest common divisor of 909 and 290981.
101
What is the greatest common factor of 8337362 and 1265?
253
Calculate the greatest common divisor of 2727 and 218665.
101
What is the greatest common factor of 23664 and 39062304?
1392
Calculate the highest common divisor of 262889717 and 73.
73
What is the highest common divisor of 3651932 and 12448?
1556
What is the highest common divisor of 85151860 and 80?
20
Calculate the highest common factor of 655656 and 13966437.
4821
What is the highest common factor of 31 and 11981128?
31
What is the greatest common divisor of 9435 and 624665?
85
Calculate the highest common divisor of 163 and 122152852.
163
What is the greatest common factor of 54782 and 1127308?
182
What is the highest common factor of 33 and 26986641?
33
Calculate the greatest common divisor of 22780968 and 840.
168
Calculate the greatest common divisor of 34496 and 20344.
8
Calculate the highest common factor of 630 and 30960027.
63
What is the highest common divisor of 29670 and 197714946?
5934
Calculate the greatest common divisor of 18574 and 139054.
502
What is the greatest common factor of 41174 and 39214?
14
Calculate the greatest common divisor of 145976 and 725768.
2056
What is the highest common factor of 15128150 and 4?
2
Calculate the highest common factor of 23909721 and 99.
33
What is the greatest common divisor of 1902487819 and 2917?
2917
Calculate the greatest common divisor of 494147955 and 105.
105
Calculate the greatest common divisor of 66 and 86317374.
66
What is the greatest common divisor of 7037 and 48063618?
227
What is the highest common factor of 683034 and 154?
22
What is the greatest common factor of 7970 and 304456391?
797
Calculate the greatest common factor of 245 and 55786304.
49
Calculate the greatest common divisor of 139260 and 1008348.
132
What is the greatest common factor of 51 and 767601969?
51
Calculate the highest common divisor of 245760 and 7800.
120
What is the greatest common divisor of 7331 and 6043?
1
Calculate the highest common divisor of 93267 and 5934.
129
What is the highest common divisor of 33402 and 18658?
38
What is the highest common divisor of 26375232 and 312?
312
Calculate the greatest common factor of 414134 and 8.
2
Calculate the highest common factor of 10397 and 1459104583.
10397
What is the greatest common factor of 201308 and 15812?
236
Calculate the highest common divisor of 769392 and 832.
208
Calculate the greatest common factor of 16611229 and 58.
29
What is the highest common factor of 4193276 and 2536?
1268
What is the highest common factor of 241472 and 889152?
704
Calculate the greatest common factor of 379282 and 8094.
142
What is the highest common divisor of 948 and 635300?
4
What is the highest common factor of 515071 and 209?
19
Calculate the highest common divisor of 728 and 6320440.
56
Calculate the greatest common factor of 180375 and 7441551.
1443
Calculate the greatest common factor of 3282442 and 5969.
127
What is the greatest common divisor of 29502930 and 1290?
30
What is the greatest common factor of 3821680 and 3100?
620
What is the highest common divisor of 884 and 9266309?
221
Calculate the greatest common factor of 2050 and 15238100.
50
Calculate the greatest common factor of 89275038 and 5598.
1866
Calculate the greatest common factor of 147 and 28485023.
49
Calculate the greatest common divisor of 29361480 and 75.
15
What is the greatest common divisor of 1742951 and 7462?
287
Calculate the highest common factor of 2212738 and 2806.
46
Calculate the highest common divisor of 10 and 2703515.
5
What is the highest common divisor of 416111907 and 17988?
4497
Calculate the greatest common divisor of 15714 and 631476.
162
What is the highest common divisor of 536092 and 13826?
446
Calculate the highest common divisor of 151652 and 132308.
124
What is the highest common factor of 1134 and 439376?
14
What is the greatest common factor of 560 and 11447312?
16
Calculate the greatest common divisor of 12328 and 4418114.
134
What is the highest common factor of 69715 and 19?
1
Calculate the highest common factor of 1125 and 1481250.
375
Calculate the greatest common divisor of 1041 and 14180849.
347
Calculate the highest common factor of 105 and 2293221.
21
Calculate the highest common divisor of 87408 and 17728.
16
Calculate the highest common divisor of 674424 and 428013.
171
What is the greatest common divisor of 763263 and 16752?
1047
Calculate the greatest common divisor of 6828 and 537936.
12
What is the greatest common divisor of 5454674 and 1648?
206
What is the highest common factor of 3384175 and 100?
25
Calculate the greatest common factor of 800 and 91316200.
200
Calculate the greatest common factor of 5631657 and 2451.
57
Calculate the greatest common factor of 3462796293 and 11.
11
What is the greatest common factor of 32383 and 159718?
13
What is the greatest common factor of 792 and 1714504?
88
Calculate the greatest common factor of 3102720 and 157560.
12120
Calculate the greatest c